3). Let v = 65 - u. Suppose h + 0*h = v. What are the prime factors of h?
43
Let y = 17 + -11. Suppose -y*r = -0*r - 408. What are the prime factors of r?
2, 17
Let n(z) = 6*z - 1. Let c be n(-1). Let p(q) = 39*q - 5*q**2 - 19*q - q**3 - 10*q. What are the prime factors of p(c)?
2, 7
List the prime factors of 14701/6 + 45*(-14)/(-756).
3, 19, 43
Let m(u) = u + 62. Let r be m(0). Suppose 2*z = 5*i + r, -221 = -5*z - i - 3*i. List the prime factors of z.
41
Suppose 2*i + 6 = 8. Let c(u) = -5*u - 5. Let j(d) = -2*d - 3. Let f(n) = -3*c(n) + 5*j(n). What are the prime factors of f(i)?
5
Suppose 0 = -3*b + 3*t + 18, -24 = b - 0*t + 5*t. What are the prime factors of (-86)/(-8)*(9 - b)?
2, 43
What are the prime factors of (9 + 150/(-20))*238/3?
7, 17
Let p = 6702 - 4124. What are the prime factors of p?
2, 1289
Let k(i) = i**2 - 12*i + 16. Let w be k(12). Suppose 11*r = 12*r - w. List the prime factors of r/(-6)*(-21)/14.
2
Suppose 0 = -36*q + 7693 + 112907. What are the prime factors of q?
2, 5, 67
Let b(o) = o**3 - 18*o**2 + 18*o - 11. Let u be b(17). Suppose -3*s - u = 0, -3*a + 3*s = -2*a - 209. List the prime factors of a.
7, 29
Let l(d) = 148*d - 110. What are the prime factors of l(12)?
2, 7, 17
Suppose 3*o = v - 136, -19*v - o + 438 = -16*v. List the prime factors of v.
5, 29
Let v(u) = -u**2 + 14*u + 71. What are the prime factors of v(9)?
2, 29
Let a(p) = 2*p - 7. Suppose 2*f - 6 = -4*w, -3*w = -4*f + 30 + 4. Let i be a(f). Suppose -u + 0*u + i = -2*m, u = -3*m + 22. List the prime factors of u.
13
Let m = 285 + -282. What are the prime factors of m?
3
Suppose -g = 3*g. Let l be (4 - 1)/(-1) - -3. Suppose g = 3*q - 78 - l. List the prime factors of q.
2, 13
Let f(c) be the second derivative of c**5/60 - 3*c**4/8 - c**3/2 + 3*c**2 + 3*c. Let b(v) be the first derivative of f(v). List the prime factors of b(12).
3, 11
Suppose 0*l = -3*l + 396. Let n = l + -88. List the prime factors of n - (-8)/(-7 - -3).
2, 3, 7
Let j = 86 - -97. Let a = j - 108. What are the prime factors of a?
3, 5
List the prime factors of 4*12/(-8) + 63.
3, 19
Let m = -38 + 24. Let g(y) = -y**2 - 20*y - 19. What are the prime factors of g(m)?
5, 13
Let y(m) = 62*m + 14. What are the prime factors of y(16)?
2, 503
Let a = -8 - -8. Suppose -5*d + c = -629, 4*d + a*d - 2*c = 508. List the prime factors of d.
5
Suppose -3*n + 0*n + 9 = 0. Let w = 3 + n. Let v = 31 - w. What are the prime factors of v?
5
Let m be ((1 - 3) + 1)*-3. Suppose 7*y - 336 = m*y. List the prime factors of y.
2, 3, 7
Suppose -5*w - 16 = -2*j, -2*w = 3*w. Suppose -98 = -j*y + 6*y. Suppose 5*b - y = 141. List the prime factors of b.
2, 19
Let l(f) be the third derivative of -f**4/12 - 17*f**3/6 + 4*f**2. List the prime factors of l(-12).
7
Let h(v) = 254*v**2 - 69*v - 3. List the prime factors of h(4).
5, 757
Suppose -2*j - i - 3 = -0*j, -4*j - 3*i - 9 = 0. Let t(f) be the first derivative of f**2/2 + 24*f - 7. List the prime factors of t(j).
2, 3
Let h(f) be the third derivative of f**5/60 + 2*f**3/3 - 7*f**2. Let r be (-3)/3 + 3 + -2. List the prime factors of h(r).
2
Let r = -834 - -2078. Suppose 4*j = 4*a - r, -4*a = -7*a - j + 929. List the prime factors of a.
2, 5, 31
Suppose -47*g = -53*g + 6360. List the prime factors of g.
2, 5, 53
Suppose -5 - 7 = -4*h. Let a = h - -66. What are the prime factors of a?
3, 23
Let v(h) = -1269*h**3 - h**2 - 4*h - 5. List the prime factors of v(-1).
7, 181
Let z(u) = -5*u**2 - 16*u - 7. Let d(o) = -2*o**2 - 5*o - 2. Let a(p) = -8*d(p) + 3*z(p). Let f be a(10). Let m = f + 3. What are the prime factors of m?
2, 3
Let l(b) = b**3 - 8*b**2 - 7*b - 15. Let y be l(9). Let s be y/12 + (-497)/(-28). Suppose 4*z - 3*z - s = 0. What are the prime factors of z?
2, 3
Suppose -5928 = -381*v + 379*v. What are the prime factors of v?
2, 3, 13, 19
List the prime factors of (-3472)/(-84)*30/4.
2, 5, 31
Let b be 2/(-4) - 23/(-2). Suppose -41 = -5*k - 2*f, 3 = 4*f + b. Let a = 13 - k. List the prime factors of a.
2
Let y(u) = 8 + 36*u**3 - 18 + 6 + 2*u - 4*u**2. What are the prime factors of y(2)?
2, 17
Let d(x) be the third derivative of -x**6/360 + 3*x**4/2 - 5*x**3/6 - 3*x**2. Let r(p) be the first derivative of d(p). What are the prime factors of r(0)?
2, 3
Let o = 68 - 53. List the prime factors of ((-1)/2)/(o/(-1440)).
2, 3
Suppose 0 = 4*x + 3*v - 1485, 0*v - 5*v = 25. Suppose -15*y + 12*y = -x. List the prime factors of y.
5
Let n be -3 + (5 - -2)/1. Suppose -5 = -n*z + 7. Suppose z*o = 1 + 53. List the prime factors of o.
2, 3
Let v(j) = 11*j - 63. Suppose -2*u + 19 = -19. What are the prime factors of v(u)?
2, 73
Let k(y) = 8*y**3 - 3*y**2 + y - 4. Let g be k(3). Suppose 4*r - 900 = -g. What are the prime factors of r?
2, 89
Suppose -3*r - 7 = r - 5*g, 15 = 5*g. Suppose 0*d = -r*d + 224. List the prime factors of d.
2, 7
Let a = -20 + 22. Suppose -4*j + a*l + 328 = -l, 5*j - l - 410 = 0. What are the prime factors of j?
2, 41
Suppose 7*f - 28 = -0. Suppose 36 = 4*u + f*o, -3*u + 5*o + 11 = -16. List the prime factors of u.
3
Let u(y) = y**3 + 7*y**2 + 7*y + 6. Let f be u(-4). Let w be 12/(-78) + 56/f. Suppose 0 = 5*m - m + w*k - 34, -4*m - 3*k = -39. List the prime factors of m.
2, 3
Suppose -7*g + 3*b = -6*g - 15, -g - 3*b - 9 = 0. Suppose 2*v - g*c - 28 = 0, 5*v + c + 4 - 57 = 0. List the prime factors of v.
11
Suppose -3050 - 1402 = -6*s. List the prime factors of s.
2, 7, 53
Suppose 0 = -3*u - 12, s + u - 717 = -3*u. List the prime factors of s.
733
Suppose 5*w + 15 = 0, x - 6 = -4*w + 5*w. Suppose h + 2*t + 8 = x*h, 4*t = 5*h - 25. List the prime factors of (-1)/((h/51)/(-3)).
17
Let l(m) = 2*m + 36. Let t be l(-16). Suppose t*w - 88 = -3*k, 0 = 2*w - 4*k + 3*k - 54. What are the prime factors of w?
5
Suppose a = 3*a - 5*v - 895, a - 2*v - 445 = 0. What are the prime factors of a?
3, 5, 29
Let g(t) = t + 130. What are the prime factors of g(-19)?
3, 37
Suppose 254 = a + 5*t, 3*a - 5*t = -0*a + 742. Let d = a - 134. List the prime factors of d.
5, 23
Suppose -9*n + 3335 = 5. What are the prime factors of n?
2, 5, 37
Let u(y) = -y**2 - 7*y - 4. Suppose 3*t + 0*t = -18. Let k be u(t). Suppose -3*x + 2*s + 31 = 4, -x - k*s = -17. What are the prime factors of x?
11
Suppose 0 = -k + t + 1955, -79*t + 84*t + 1967 = k. What are the prime factors of k?
2, 61
Suppose 3*l + 2390 - 6335 = -2*n, -5*l + n + 6562 = 0. What are the prime factors of l?
13, 101
Suppose -2*l - 23 = -c - 7*l, -5*l = 2*c - 41. Suppose -45 + c = -x. Let p = x - 10. List the prime factors of p.
17
Suppose q + 186 = 4*q. Let u = -39 + q. Suppose 0 = -f - 6*r + 2*r + u, -3*r + 31 = 2*f. List the prime factors of f.
11
Let s = -739 - -1969. List the prime factors of s.
2, 3, 5, 41
Suppose 4*b - 4*q = 704, -q + 0 - 5 = 0. Suppose -2*w + b + 81 = 0. List the prime factors of w.
2, 3, 7
What are the prime factors of (-1 + -1)*(40/(-5) + -52)?
2, 3, 5
Let k(u) = 4 - 2*u + 2*u**2 + 5*u - 5. What are the prime factors of k(-3)?
2
Suppose -4*a = -b - 20, -7*a + 15 = -b - 4*a. Suppose h + 4*i - 103 = b, -49 = 5*h + 2*i - 528. List the prime factors of h.
5, 19
Suppose 71 - 53 = -6*c. Suppose -4*t + 16 = -8. Let i = c + t. What are the prime factors of i?
3
Let q(s) = s**2 + 6*s + 19. Let w be q(-9). What are the prime factors of (3 - 1)*w/4?
23
Let j = -14 - -23. Let p(y) = y**3 - 8*y**2 - 9*y + 4. Let g be p(j). Suppose 4*l + g*z - 57 = -z, -4*l + 3*z = -17. List the prime factors of l.
2
List the prime factors of 1538 + 1 - 40/(-8).
2, 193
Let v(z) = z**3 - 11*z**2 + 8*z - 85. What are the prime factors of v(16)?
3, 7
Let a be 36/(-54)*(-318)/4. Suppose 0 = b - 4*q - a, b = 5*b - 2*q - 198. List the prime factors of b.
7
Suppose -11*f + 4*f = -21. Suppose 0 = -f*u - h + 211, 0 = 2*u - 3*h - 188 + 29. What are the prime factors of u?
2, 3
Suppose 200 = f - 12*p + 11*p, 5*f = 2*p + 1015. List the prime factors of f.
5, 41
Let f(c) = -19*c**2 + 8*c + 2. Let m be f(6). Let v = -356 - m. What are the prime factors of v?
2, 139
Suppose 10*r - 34096 = -4936. List the prime factors of r.
2, 3
Let g(x) = -x**2 - 6*x + 25. Let s be g(8). What are the prime factors of (s - (0 + 2))*-2?
2, 89
Let m be (-4)/(-4)*(2 + 1). Let c(h) = -4*h**2 - 3*h + 11. Let u(w) = -w**2. Let d(g) = m*u(g) - c(g). What are the prime factors